f t?
7, 73
Let a(p) = -3*p + 51. Let w be a(12). Suppose -t = 4*i - 0*t + 18, 0 = -5*i - 5*t - w. What are the prime factors of 2028/20 + 2/i?
101
Let j(v) = 20*v**2 - 8*v**2 + 9*v + 8 + 5*v + 29*v**2 - 5*v. List the prime factors of j(-3).
2, 5, 7
Suppose 1129*b = 1134*b + 2*k - 69121, k + 7 = 0. List the prime factors of b.
3, 11, 419
Suppose 1605 = 5*r - 3*m, 3*m - 452 = -4*r + 832. Let s(l) = 9*l**2 + 6*l + 6. Let n be s(-5). Let w = r - n. List the prime factors of w.
2, 3, 5
Suppose -4*j = 23*j + 7560. Suppose -33 = -4*y - 221. Let h = y - j. List the prime factors of h.
233
Suppose -2*p + 3676 = 35*c - 34*c, -4*c + 14754 = -2*p. What are the prime factors of c?
2, 19, 97
Let p be 9 - (5 - (-50)/(-15))*3. Suppose k + 5*r = 1460, p*r = -23 + 3. What are the prime factors of k?
3, 5, 11
Suppose -1130*v = -1190*v + 5640. List the prime factors of v.
2, 47
Suppose 0 = w + 25 - 29. Suppose 5*h - 7*h + w*d + 944 = 0, -6 = 3*d. List the prime factors of h.
2, 3, 13
Let w be (-8 + -2)*1*2/(-4). Let f(t) = w + 7*t**2 - 4*t + 15*t**2 + 6*t**2. List the prime factors of f(2).
109
Suppose t - 6*y = -4*y + 8, 2*y = 3*t - 12. Let n(k) = 38*k**3 - 2*k**2 - 2*k + 1. List the prime factors of n(t).
293
Suppose -3*p + 21 = -3*t, 3*p - 8 = -2*t - 2. Let y be p + 1*(249 - -2) + 4. Let k = y + -161. What are the prime factors of k?
2, 7
Let g = 51284 + -15289. What are the prime factors of g?
5, 23, 313
Suppose t + 30 = -4*v - 20, -282 = 5*t + 4*v. Let p = t + 225. List the prime factors of p.
167
Let c(g) = 430*g**2 + 10*g + 7. List the prime factors of c(5).
101, 107
Let r(f) = 9*f + 165. Let s be r(-18). Suppose x + s*w = 126, -12*x + 10*x - 2*w = -264. List the prime factors of x.
3, 5
Let a be (-52)/(-65)*30/(-4). Let w(l) = -135*l - 42. What are the prime factors of w(a)?
2, 3
Let q be ((13299/(-6))/13)/((-2)/8). What are the prime factors of (q/(-62))/(2/(-78))?
3, 11, 13
Suppose 125 + 15 = -20*f. Let h(i) = i**3 + 8*i**2 - 21*i - 15. List the prime factors of h(f).
181
Let q = 7069 - 976. List the prime factors of q.
3, 677
Let f be (-14)/(-4) + (-4)/8*-3. Suppose -3*c - f*a = -279, 2*c = -2*a + 63 + 127. What are the prime factors of c?
2, 7
Suppose 4*q - 7*q - 386 = -4*d, -3*d - 4*q = -302. Suppose -2*l - d = -274. Suppose -2*j = l - 578. What are the prime factors of j?
5, 7
Suppose 4*x - 3*c = -7*c + 56, -4*x = -4*c - 64. List the prime factors of 2373*((-50)/x - -4).
2, 7, 113
Let z = -88 + 108. Suppose 3*n - 1 = -5*l - 3, -5*n - z = 0. Suppose 4*j - 226 = l*j + g, -587 = -5*j - 3*g. What are the prime factors of j?
5, 23
Suppose 39*d = 167270 + 972310. What are the prime factors of d?
2, 3, 5, 487
Let v = -21164 + 30209. What are the prime factors of v?
3, 5, 67
Suppose 26*p - 438314 = 187844. List the prime factors of p.
24083
Suppose 166*r - 79877 = 165*r - 5*m, 2*r - 4*m = 159810. What are the prime factors of r?
109, 733
Let j = 432 + -442. List the prime factors of (1984/j)/((-8)/40).
2, 31
Let h = -459 + 369. List the prime factors of h/(-4)*1968/72.
3, 5, 41
Suppose 4*y - 32418 = 3*k, 3*k = 37*y - 41*y + 32382. What are the prime factors of y?
2, 3, 5
What are the prime factors of 49/35*(2335 + 0)?
7, 467
Let b(t) be the third derivative of t**7/315 + t**6/360 - t**5/5 - 19*t**2. Let a(k) be the third derivative of b(k). List the prime factors of a(18).
2, 5, 29
Suppose 119*a - 136*a + 69071 = 0. What are the prime factors of a?
17, 239
Suppose 12*j = -j + 273. Suppose -j*c = c - 9218. What are the prime factors of c?
419
Suppose -3*i = 5*n + 21, 4*n + 3 = -i - 4. Let s(l) = 3*l**2 + 8*l + 9. What are the prime factors of s(i)?
2, 5
Suppose 2*a + 658 = -5*i, -2*i + 8 = -6*i. Let m = 383 + a. List the prime factors of m.
59
Suppose 4*g - 17 = -5. Let i = 15 - 12. List the prime factors of ((1256/i)/(-4))/((-2)/g).
157
Suppose 5*m - 4*n = -n + 18, -m = 3*n - 18. Let z(i) = -6*i + 24 - 3*i + m*i + 4*i. What are the prime factors of z(10)?
2, 17
Suppose -101*i + 5763 = -100*i - f, 4*f = -2*i + 11556. What are the prime factors of i?
2, 7, 103
Suppose 8*t + 16489 - 9161 = 47592. List the prime factors of t.
7, 719
Suppose -4814 = -6*m + 6496. Let j = -1278 + m. What are the prime factors of j?
607
Let h be (-3849)/((-21)/36 + 9/27). Suppose 15*s - 3*s - h = 0. What are the prime factors of s?
1283
Let h = 10455 - -21990. List the prime factors of h.
3, 5, 7, 103
Let b(n) = -61*n**2 - 7*n + 3. Let f be b(2). Let g = f - -643. What are the prime factors of g?
2, 97
Let x = 34 - 63. Let u = 34 + x. Suppose 3*m + 381 = 3*o, 395 = 3*o + u*m - m. What are the prime factors of o?
3, 43
Let v(f) = -f**2 - 77*f - 175. Let r(h) = -10*h**2 - 14*h - 5. Let l be r(-3). List the prime factors of v(l).
1097
Let s(r) = -8*r**3 - r**2 - 7*r - 5. Let b be s(-6). Suppose -45 = -11*m + 14*m - 12*m. Suppose -8*a = m*a - b. List the prime factors of a.
7, 19
Let j(s) = -s**3 - 17*s**2 + 0 + 10*s**2 - 2*s - 5 - 6*s. Let o be j(-6). What are the prime factors of o + -5 + (15 - 3)?
2, 7
Let g be 3/((4 + -3)/(-5)). Let x = g + 14. What are the prime factors of (-838)/(-10) - (x + 4)/(-15)?
2, 3, 7
List the prime factors of (-14)/(770/(-637715)) - (-4 - 168/(-44)).
3, 5, 773
Suppose -95*q + 100*q = 5. Let f be 5 - (-3 + q + 5). What are the prime factors of (128/10)/((-33)/(-15) - f)?
2
Let c = -1266 + 10029. Suppose -7*k - 16*k + c = 0. List the prime factors of k.
3, 127
Let m be 7*16*(-273)/(-98). Let q = 307 + m. What are the prime factors of q?
619
Let u(k) = k**2 - 12*k + 16. Let c be u(12). Let m = c + 397. Suppose y + 123 = m. What are the prime factors of y?
2, 5, 29
Let q(f) = 66*f - 104. Let b be q(7). Let m = b + -162. List the prime factors of m.
2, 7
What are the prime factors of (2/(-11))/((-111)/8678868)?
2, 1777
Let w = 13 - -70. Let q = w - -96. List the prime factors of q.
179
Suppose 248*c = 169*c + 622125. List the prime factors of c.
3, 5, 7
Suppose 6 - 26 = -5*j. Let a be j/6 + 4 + 314/6. Let v = a - 45. List the prime factors of v.
2, 3
What are the prime factors of ((-172091)/34)/((-99)/110 + (-4)/(-10))?
53, 191
Let j be ((77 + 3)/5 + -4)*-3. What are the prime factors of (-224)/j - (-2)/(-9)?
2, 3
List the prime factors of 8973/27 + 4 + 10/15.
337
Let j(t) = 422*t + 14393. List the prime factors of j(0).
37, 389
What are the prime factors of ((-43701)/(-14) - (12 - 1))/((-1)/(-10))?
5, 6221
List the prime factors of 150/(-25)*(-7413)/2.
3, 7, 353
Suppose 27 - 23 = 4*q. Let w be q/(-3) + 50772/36. What are the prime factors of (-24)/(-16)*w/9?
5, 47
Let l be -1 + 42/30 - 2316/(-10). Let z = l + 85. List the prime factors of z.
317
Let t(w) be the third derivative of 17*w**6/360 - 7*w**5/120 + 11*w**4/6 + w**2 - 20. Let m(p) be the second derivative of t(p). List the prime factors of m(3).
5, 19
Suppose -5*y + 24*y = o - 5059, 5*y = 2*o - 9953. What are the prime factors of o?
2, 17, 73
Suppose -3*o - j = -71, -4*o + 19 = -3*o - 2*j. Suppose -21*p - 374 = -o*p. What are the prime factors of p?
11, 17
Let x = -12467 - -21870. List the prime factors of x.
9403
Suppose -4*n + 2*s + 27056 = 0, 0 = 11*n - 10*n + 3*s - 6764. What are the prime factors of n?
2, 19, 89
Suppose d = -5, 2*m - d - 1305 = -6*d. List the prime factors of m.
5, 7, 19
Suppose 0 = v - 4*h - 6486 - 10856, -34705 = -2*v + 5*h. List the prime factors of v.
2, 3, 5, 193
Let z = 1779 + -2490. Let p be z/(-2) - (-5)/10. Suppose p = 6*s - 406. List the prime factors of s.
127
Let b(s) = 15*s**2 + 33*s + 124. What are the prime factors of b(-18)?
2, 5, 439
Suppose 42*v - 35*v - 134*v = -7886446. What are the prime factors of v?
2, 61, 509
Let a be -30*(34/6 + -3 + -2). Let y be ((-36)/24)/(6/a). Suppose -y*n - 126 + 561 = 0. List the prime factors of n.
3, 29
Let h(l) = 9*l - 17. Let y be h(7). Let a = -52 + y. Let k = 11 - a. What are the prime factors of k?
17
Let l(v) = -30*v + 9. Let z be l(6). Let g(s) = s**3 - 10*s**2 + 54*s - 18. Let r be g(8). Let j = z + r. What are the prime factors of j?
5, 23
Suppose 0 = 5*q + 4*q - 2*q. Suppose 5*g = -q*g - 5*p + 1715, 0 = -g - 4*p + 355. What are the prime factors of g?
3, 113
Suppose 0*m = 5*m - 1105. Suppose -m = 5*z - 691. List the prime factors of z.
2, 47
Let m(i) = 16*i**2 + 29*i + 99. List the prime factors of m(-17).
2, 3, 5